[INFO] fetching crate rdftk_skos 0.1.27...
[INFO] building rdftk_skos-0.1.27 against master#ff34b919075f35a1787659e9c448a34b06bab8de for issue-85264
[INFO] extracting crate rdftk_skos 0.1.27 into /workspace/builds/worker-2/source
[INFO] validating manifest of crates.io crate rdftk_skos 0.1.27 on toolchain ff34b919075f35a1787659e9c448a34b06bab8de
[INFO] running `Command { std: "/workspace/cargo-home/bin/cargo" "+ff34b919075f35a1787659e9c448a34b06bab8de" "metadata" "--manifest-path" "Cargo.toml" "--no-deps", kill_on_drop: false }`
[INFO] started tweaking crates.io crate rdftk_skos 0.1.27
[INFO] finished tweaking crates.io crate rdftk_skos 0.1.27
[INFO] tweaked toml for crates.io crate rdftk_skos 0.1.27 written to /workspace/builds/worker-2/source/Cargo.toml
[INFO] running `Command { std: "/workspace/cargo-home/bin/cargo" "+ff34b919075f35a1787659e9c448a34b06bab8de" "generate-lockfile" "--manifest-path" "Cargo.toml" "-Zno-index-update", kill_on_drop: false }`
[INFO] [stderr]     Blocking waiting for file lock on package cache
[INFO] running `Command { std: "/workspace/cargo-home/bin/cargo" "+ff34b919075f35a1787659e9c448a34b06bab8de" "fetch" "--manifest-path" "Cargo.toml", kill_on_drop: false }`
[INFO] [stderr]     Blocking waiting for file lock on package cache
[INFO] running `Command { std: "docker" "create" "-v" "/var/lib/crater-agent-workspace/builds/worker-2/target:/opt/rustwide/target:rw,Z" "-v" "/var/lib/crater-agent-workspace/builds/worker-2/source:/opt/rustwide/workdir:ro,Z" "-v" "/var/lib/crater-agent-workspace/cargo-home:/opt/rustwide/cargo-home:ro,Z" "-v" "/var/lib/crater-agent-workspace/rustup-home:/opt/rustwide/rustup-home:ro,Z" "-e" "SOURCE_DIR=/opt/rustwide/workdir" "-e" "CARGO_TARGET_DIR=/opt/rustwide/target" "-e" "CARGO_HOME=/opt/rustwide/cargo-home" "-e" "RUSTUP_HOME=/opt/rustwide/rustup-home" "-w" "/opt/rustwide/workdir" "-m" "1610612736" "--user" "0:0" "--network" "none" "ghcr.io/rust-lang/crates-build-env/linux@sha256:20528e8c29e4536546f0102ce88568b16ea7538393a33fcca951030f7af10457" "/opt/rustwide/cargo-home/bin/cargo" "+ff34b919075f35a1787659e9c448a34b06bab8de" "metadata" "--no-deps" "--format-version=1", kill_on_drop: false }`
[INFO] [stdout] 575b6a3fb2eed53a1ed24faed4b10c8c538419392536b4de7eeefa15dd6b2156
[INFO] [stderr] WARNING: Your kernel does not support swap limit capabilities or the cgroup is not mounted. Memory limited without swap.
[INFO] running `Command { std: "docker" "start" "-a" "575b6a3fb2eed53a1ed24faed4b10c8c538419392536b4de7eeefa15dd6b2156", kill_on_drop: false }`
[INFO] running `Command { std: "docker" "inspect" "575b6a3fb2eed53a1ed24faed4b10c8c538419392536b4de7eeefa15dd6b2156", kill_on_drop: false }`
[INFO] running `Command { std: "docker" "rm" "-f" "575b6a3fb2eed53a1ed24faed4b10c8c538419392536b4de7eeefa15dd6b2156", kill_on_drop: false }`
[INFO] [stdout] 575b6a3fb2eed53a1ed24faed4b10c8c538419392536b4de7eeefa15dd6b2156
[INFO] running `Command { std: "docker" "create" "-v" "/var/lib/crater-agent-workspace/builds/worker-2/target:/opt/rustwide/target:rw,Z" "-v" "/var/lib/crater-agent-workspace/builds/worker-2/source:/opt/rustwide/workdir:ro,Z" "-v" "/var/lib/crater-agent-workspace/cargo-home:/opt/rustwide/cargo-home:ro,Z" "-v" "/var/lib/crater-agent-workspace/rustup-home:/opt/rustwide/rustup-home:ro,Z" "-e" "SOURCE_DIR=/opt/rustwide/workdir" "-e" "CARGO_TARGET_DIR=/opt/rustwide/target" "-e" "CARGO_INCREMENTAL=0" "-e" "RUST_BACKTRACE=full" "-e" "RUSTFLAGS=--cap-lints=forbid" "-e" "CARGO_HOME=/opt/rustwide/cargo-home" "-e" "RUSTUP_HOME=/opt/rustwide/rustup-home" "-w" "/opt/rustwide/workdir" "-m" "1610612736" "--user" "0:0" "--network" "none" "ghcr.io/rust-lang/crates-build-env/linux@sha256:20528e8c29e4536546f0102ce88568b16ea7538393a33fcca951030f7af10457" "/opt/rustwide/cargo-home/bin/cargo" "+ff34b919075f35a1787659e9c448a34b06bab8de" "build" "--frozen" "--message-format=json", kill_on_drop: false }`
[INFO] [stdout] e3e81cae55658e854d03c93c09942e36b820855bf94d60429e7dd6c8e1905e4a
[INFO] [stderr] WARNING: Your kernel does not support swap limit capabilities or the cgroup is not mounted. Memory limited without swap.
[INFO] running `Command { std: "docker" "start" "-a" "e3e81cae55658e854d03c93c09942e36b820855bf94d60429e7dd6c8e1905e4a", kill_on_drop: false }`
[INFO] [stderr]    Compiling proc-macro2 v1.0.27
[INFO] [stderr]    Compiling unicode-xid v0.2.2
[INFO] [stderr]    Compiling byteorder v1.4.3
[INFO] [stderr]    Compiling adler v1.0.2
[INFO] [stderr]    Compiling gimli v0.24.0
[INFO] [stderr]    Compiling rustc-demangle v0.1.19
[INFO] [stderr]    Compiling object v0.24.0
[INFO] [stderr]    Compiling regex-syntax v0.6.25
[INFO] [stderr]    Compiling lazy_static v1.4.0
[INFO] [stderr]    Compiling atomic_refcell v0.1.7
[INFO] [stderr]    Compiling paste v1.0.5
[INFO] [stderr]    Compiling itoa v0.4.7
[INFO] [stderr]    Compiling miniz_oxide v0.4.4
[INFO] [stderr]    Compiling backtrace v0.3.59
[INFO] [stderr]    Compiling error-chain v0.12.4
[INFO] [stderr]    Compiling getrandom v0.2.3
[INFO] [stderr]    Compiling aho-corasick v0.7.18
[INFO] [stderr]    Compiling chrono v0.4.19
[INFO] [stderr]    Compiling uuid v0.8.2
[INFO] [stderr]    Compiling base64 v0.10.1
[INFO] [stderr]    Compiling blob-uuid v0.4.0
[INFO] [stderr]    Compiling unique_id v0.1.3
[INFO] [stderr]    Compiling quote v1.0.9
[INFO] [stderr]    Compiling syn v1.0.72
[INFO] [stderr]    Compiling regex v1.5.4
[INFO] [stderr]    Compiling addr2line v0.15.1
[INFO] [stderr]    Compiling rdftk_iri v0.1.8
[INFO] [stderr]    Compiling pest_generator v2.1.3
[INFO] [stderr]    Compiling rdftk_names v0.1.8
[INFO] [stderr]    Compiling rdftk_core v0.2.4
[INFO] [stderr]    Compiling rdftk_core v0.1.14
[INFO] [stderr]    Compiling serde_derive v1.0.126
[INFO] [stderr]    Compiling pest_derive v2.1.0
[INFO] [stderr]    Compiling rdftk_memgraph v0.1.12
[INFO] [stderr]    Compiling serde v1.0.126
[INFO] [stderr]    Compiling serde_json v1.0.64
[INFO] [stderr]    Compiling rdftk_io v0.1.9
[INFO] [stderr]    Compiling somedoc v0.2.10
[INFO] [stderr]    Compiling rdftk_skos v0.1.27 (/opt/rustwide/workdir)
[INFO] [stdout] error[E0432]: unresolved import `rdftk_memgraph::Mappings`
[INFO] [stdout]   --> src/document.rs:24:5
[INFO] [stdout]    |
[INFO] [stdout] 24 | use rdftk_memgraph::Mappings;
[INFO] [stdout]    |     ^^^^^^^^^^^^^^^^^^^^^^^^ no `Mappings` in the root
[INFO] [stdout] 
[INFO] [stdout] 
[INFO] [stdout] error[E0432]: unresolved import `rdftk_memgraph::Mappings`
[INFO] [stdout]   --> src/model/mod.rs:17:22
[INFO] [stdout]    |
[INFO] [stdout] 17 | use rdftk_memgraph::{Mappings, MemGraph};
[INFO] [stdout]    |                      ^^^^^^^^ no `Mappings` in the root
[INFO] [stdout] 
[INFO] [stdout] 
[INFO] [stdout] error[E0308]: mismatched types
[INFO] [stdout]    --> src/document.rs:150:47
[INFO] [stdout]     |
[INFO] [stdout] 150 |     let code = write_graph_to_string(&writer, &graph)
[INFO] [stdout]     |                                               ^^^^^^ expected struct `Rc`, found struct `MemGraph`
[INFO] [stdout]     |
[INFO] [stdout]     = note: expected reference `&Rc<RefCell<(dyn rdftk_core::graph::Graph + 'static)>>`
[INFO] [stdout]                found reference `&MemGraph`
[INFO] [stdout] 
[INFO] [stdout] 
[INFO] [stdout] error[E0599]: no function or associated item named `default` found for struct `MemGraph` in the current scope
[INFO] [stdout]    --> src/model/mod.rs:112:31
[INFO] [stdout]     |
[INFO] [stdout] 112 |     let mut graph = MemGraph::default();
[INFO] [stdout]     |                               ^^^^^^^ function or associated item not found in `MemGraph`
[INFO] [stdout] 
[INFO] [stdout] 
[INFO] [stdout] warning: unused import: `rdftk_core::graph::PrefixMappings`
[INFO] [stdout]   --> src/document.rs:20:5
[INFO] [stdout]    |
[INFO] [stdout] 20 | use rdftk_core::graph::PrefixMappings;
[INFO] [stdout]    |     ^^^^^^^^^^^^^^^^^^^^^^^^^^^^^^^^^
[INFO] [stdout]    |
[INFO] [stdout]    = note: `#[warn(unused_imports)]` on by default
[INFO] [stdout] 
[INFO] [stdout] 
[INFO] [stdout] warning: unused import: `MutableGraph`
[INFO] [stdout]   --> src/model/mod.rs:14:25
[INFO] [stdout]    |
[INFO] [stdout] 14 | use rdftk_core::graph::{MutableGraph, PrefixMappings};
[INFO] [stdout]    |                         ^^^^^^^^^^^^
[INFO] [stdout] 
[INFO] [stdout] 
[INFO] [stdout] warning: unused import: `PrefixMappings`
[INFO] [stdout]   --> src/model/mod.rs:14:39
[INFO] [stdout]    |
[INFO] [stdout] 14 | use rdftk_core::graph::{MutableGraph, PrefixMappings};
[INFO] [stdout]    |                                       ^^^^^^^^^^^^^^
[INFO] [stdout] 
[INFO] [stdout] 
[INFO] [stdout] error: aborting due to 4 previous errors; 3 warnings emitted
[INFO] [stdout] 
[INFO] [stdout] 
[INFO] [stdout] Some errors have detailed explanations: E0308, E0432, E0599.
[INFO] [stdout] 
[INFO] [stdout] For more information about an error, try `rustc --explain E0308`.
[INFO] [stdout] 
[INFO] [stderr] error: could not compile `rdftk_skos`
[INFO] [stderr] 
[INFO] [stderr] To learn more, run the command again with --verbose.
[INFO] [stderr] warning: build failed, waiting for other jobs to finish...
[INFO] [stderr] error: build failed
[INFO] running `Command { std: "docker" "inspect" "e3e81cae55658e854d03c93c09942e36b820855bf94d60429e7dd6c8e1905e4a", kill_on_drop: false }`
[INFO] running `Command { std: "docker" "rm" "-f" "e3e81cae55658e854d03c93c09942e36b820855bf94d60429e7dd6c8e1905e4a", kill_on_drop: false }`
[INFO] [stdout] e3e81cae55658e854d03c93c09942e36b820855bf94d60429e7dd6c8e1905e4a
